hen 3276166 is divided by 829.
787
What is the remainder when 9885051 is divided by 3035?
56
What is the remainder when 2275810 is divided by 758306?
892
Calculate the remainder when 512976 is divided by 512807.
169
Calculate the remainder when 23738132 is divided by 305.
287
What is the remainder when 226774 is divided by 5150?
174
Calculate the remainder when 117188 is divided by 6112.
1060
Calculate the remainder when 1624503 is divided by 406052.
295
Calculate the remainder when 6146299 is divided by 5105.
4984
What is the remainder when 3422 is divided by 2757?
665
What is the remainder when 137906 is divided by 45568?
1202
Calculate the remainder when 126647149 is divided by 543.
1
What is the remainder when 942361 is divided by 3331?
3019
Calculate the remainder when 89170 is divided by 89064.
106
Calculate the remainder when 5069302 is divided by 253464.
22
Calculate the remainder when 5253249 is divided by 14432.
1
What is the remainder when 478461 is divided by 156?
9
Calculate the remainder when 46299329 is divided by 91.
76
What is the remainder when 153721 is divided by 1704?
361
What is the remainder when 14113422 is divided by 1028?
10
What is the remainder when 16308619 is divided by 159?
148
Calculate the remainder when 90115 is divided by 8176.
179
Calculate the remainder when 908183 is divided by 1983.
1952
Calculate the remainder when 3025768 is divided by 20.
8
What is the remainder when 62518778 is divided by 57?
38
What is the remainder when 83878 is divided by 81971?
1907
What is the remainder when 2384342 is divided by 1101?
677
Calculate the remainder when 47732112 is divided by 30172.
8
What is the remainder when 251572 is divided by 193?
93
What is the remainder when 1438714 is divided by 36?
10
What is the remainder when 77402446 is divided by 3870122?
6
What is the remainder when 24867220 is divided by 8787?
10
What is the remainder when 57865 is divided by 1243?
687
Calculate the remainder when 874520 is divided by 578.
6
Calculate the remainder when 1979168 is divided by 52081.
90
Calculate the remainder when 18657507 is divided by 13.
11
Calculate the remainder when 43117 is divided by 12409.
5890
What is the remainder when 22480499 is divided by 763?
230
What is the remainder when 396908 is divided by 5521?
4917
Calculate the remainder when 13190945 is divided by 2717.
2627
What is the remainder when 1473996 is divided by 5361?
5082
Calculate the remainder when 19379867 is divided by 12.
11
What is the remainder when 74557327 is divided by 74557325?
2
Calculate the remainder when 33310281 is divided by 82.
77
Calculate the remainder when 693755 is divided by 589.
502
Calculate the remainder when 2332723 is divided by 83311.
15
Calculate the remainder when 939226 is divided by 421.
396
What is the remainder when 378832 is divided by 102?
4
Calculate the remainder when 213394 is divided by 210295.
3099
What is the remainder when 51165164 is divided by 491?
18
Calculate the remainder when 2740923 is divided by 6024.
3
Calculate the remainder when 20043034 is divided by 40.
34
What is the remainder when 38328 is divided by 299?
56
Calculate the remainder when 10464620 is divided by 78.
62
What is the remainder when 13821349 is divided by 6025?
6024
What is the remainder when 69362 is divided by 36?
26
What is the remainder when 582858 is divided by 11203?
302
What is the remainder when 19217 is divided by 9092?
1033
Calculate the remainder when 54377319 is divided by 1001.
997
What is the remainder when 2627936157 is divided by 10?
7
What is the remainder when 393043 is divided by 26191?
178
Calculate the remainder when 8312939 is divided by 2251.
2247
Calculate the remainder when 277816 is divided by 787.
5
What is the remainder when 47377826 is divided by 4902?
4898
What is the remainder when 4127037 is divided by 179436?
9
Calculate the remainder when 5654298 is divided by 1354.
1348
Calculate the remainder when 16674371 is divided by 11.
10
What is the remainder when 51699 is divided by 708?
15
Calculate the remainder when 264549 is divided by 292.
289
What is the remainder when 18008839 is divided by 157?
154
What is the remainder when 9890915 is divided by 2776?
27
Calculate the remainder when 690371 is divided by 172584.
35
What is the remainder when 467072 is divided by 93412?
12
What is the remainder when 78340291 is divided by 28?
15
What is the remainder when 2705573 is divided by 807?
509
What is the remainder when 157856274 is divided by 286?
4
Calculate the remainder when 92971765 is divided by 3618.
19
What is the remainder when 174673 is divided by 87290?
93
Calculate the remainder when 523083 is divided by 9.
3
Calculate the remainder when 2422390 is divided by 346055.
5
Calculate the remainder when 49572941 is divided by 271.
266
Calculate the remainder when 408066 is divided by 14071.
7
What is the remainder when 1583927 is divided by 395976?
23
What is the remainder when 177464339 is divided by 1305?
1304
Calculate the remainder when 9249493 is divided by 237166.
19
Calculate the remainder when 3950290 is divided by 41.
22
Calculate the remainder when 20696848 is divided by 53.
30
What is the remainder when 39906558 is divided by 589?
41
What is the remainder when 243712833 is divided by 12?
9
Calculate the remainder when 3973373 is divided by 201.
5
What is the remainder when 178949 is divided by 4?
1
What is the remainder when 43587743 is divided by 463?
460
What is the remainder when 390411 is divided by 2914?
2849
Calculate the remainder when 117641556 is divided by 21.
18
What is the remainder when 3460593 is divided by 692055?
318
What is the remainder when 7325147 is divided by 125?
22
What is the remainder when 46972 is divided by 15491?
499
Calculate the remainder when 556329 is divided by 111049.
1084
What is the remainder when 87871 is divided by 3778?
977
What is the remainder when 275400 is divided by 38?
14
Calculate the remainder when 10772 is divided by 2717.
2621
What is the remainder when 438514 is divided by 583?
98
What is the remainder when 41374020 is divided by 1436?
1424
Calculate the remainder when 2503864 is divided by 119221.
223
What is the remainder when 1583400 is divided by 897?
195
Calculate the remainder when 6485 is divided by 2891.
703
What is the remainder when 44463513 is divided by 123?
120
What is the remainder when 24563039 is divided by 16?
15
What is the remainder when 13991 is divided by 4549?
344
What is the remainder when 18601 is divided by 18332?
269
What is the remainder when 2886297 is divided by 1656?
1545
What is the remainder when 26617077 is divided by 42?
39
Calculate the remainder when 2975744 is divided by 5460.
44
Calculate the remainder when 115222 is divided by 4214.
1444
Calculate the remainder when 3859846 is divided by 7509.
220
Calculate the remainder when 501329 is divided by 373.
17
Calculate the remainder when 13406007 is divided by 154.
153
What is the remainder when 5262556 is divided by 122385?
1
Calculate the remainder when 28183710 is divided by 79615.
0
Calculate the remainder when 844136678 is divided by 970.
968
Calculate the remainder when 3398262 is divided by 700.
462
What is the remainder when 32034932 is divided by 32034932?
0
Calculate the remainder when 333878 is divided by 2878.
30
Calculate the remainder when 137355 is divided by 135.
60
Calculate the remainder when 286859 is divided by 1782.
1739
Calculate the remainder when 1748064 is divided by 58.
2
Calculate the remainder when 50313 is divided by 12577.
5
What is the remainder when 438872 is divided by 59?
30
Calculate the remainder when 17718110 is divided by 3286.
3284
What is the remainder when 866309 is divided by 374?
125
Calculate the remainder when 1119951 is divided by 170.
161
Calculate the remainder when 46150277 is divided by 227.
42
What is the remainder when 764486 is divided by 921?
56
What is the remainder when 15295 is divided by 956?
955
What is the remainder when 140013 is divided by 9920?
1133
What is the remainder when 2808401 is divided by 828?
653
Calculate the remainder when 13649 is divided by 704.
273
What is the remainder when 225599 is divided by 778?
757
Calculate the remainder when 114829 is divided by 22964.
9
Calculate the